s the units digit of v?
2
Suppose 2*v + 5*n = 76 + 75, -v + 74 = 3*n. What is the tens digit of v?
8
Suppose 384 = 4*z - 0*z. Suppose -p + z = 3*p. What is the tens digit of p?
2
Let l be (-5 - -14)/((-2)/(-18)). Suppose 21 = -4*s + l. What is the tens digit of s?
1
Let u(d) = 2*d**3 + d**2 - 6*d - 5. Let y(r) = -3*r**3 - 2*r**2 + 7*r + 6. Let j(z) = 4*u(z) + 3*y(z). Let q be (0 - 1/2)*4. What is the units digit of j(q)?
4
Let h = 322 + -172. What is the units digit of h?
0
Suppose -s + 11 + 4 = 0. Suppose -2*q + 0*w + 37 = 5*w, 0 = -3*w + s. Suppose p = q - 4. What is the units digit of p?
2
Suppose 4*d + 4*v = 112, 5*v = -4 - 11. What is the tens digit of d?
3
Suppose 16 + 164 = -4*l. What is the units digit of ((-4)/(-6))/((-6)/l)?
5
Suppose 5*h - 2482 = -12*h. What is the units digit of h?
6
Let s = 197 - 42. What is the tens digit of s?
5
Suppose -2*j - 2*m + 16 = 2*m, 2*j = -2*m + 12. Let h be j + 1 - (1 + 0). Suppose v = -0*v, 5*t - h*v = 45. What is the units digit of t?
9
Let h = 53 + -27. Let o = h - 14. Let r = o + -5. What is the units digit of r?
7
Suppose 4*d - 10 + 2 = 0. Let a be 5*-2*1/d. Let v(m) = -m - 3. What is the units digit of v(a)?
2
Let y(k) = k**3 + 5*k**2 + 2. Let b be y(-5). Suppose 4*v + b = 2*v. What is the units digit of v/(-5) - 42/(-15)?
3
Suppose 0 = -c - k + 36, 3*c + 5*k - 78 = c. What is the tens digit of c?
3
Suppose d + 2*z = -0*d + 3, -3*z - 6 = 0. What is the units digit of d?
7
Suppose 2*w - 7 + 1 = -2*m, 2*m - 5 = -3*w. What is the units digit of 4/(-2) + 1 + m?
3
Let k = 99 + -87. What is the tens digit of k?
1
Let q = -26 - -31. What is the units digit of q?
5
Let j(z) = z**2 + 7*z + 17. What is the tens digit of j(-12)?
7
Let n(p) = 9 - 4*p + 8 - p**3 + p**2 + 4*p. What is the tens digit of n(0)?
1
Let p(v) = v - 1. Let k be p(1). Suppose 3*b + k*b - 30 = 0. What is the tens digit of b?
1
Let o = 20 - 10. What is the tens digit of o?
1
Let d be (-1)/(-2 - 54/(-26)). Let i = 28 + d. What is the units digit of i?
5
Suppose 2*n = 5*n - 3. Suppose m + n - 6 = 0. Let a = -2 + m. What is the units digit of a?
3
Let h = 19 - -25. What is the units digit of h?
4
Let a be (-4)/((-1)/(4 - 3)). Suppose -5*z - a*u - 303 = 0, 4*z + 255 = u - 0*u. What is the units digit of (-203)/z - (-2)/(-9)?
3
Let a be ((-1)/(1/6))/((-9)/6). Suppose -2*n = n - 15. Suppose z + z = -n*f + 55, a*z - 20 = 0. What is the units digit of f?
9
Suppose 0*h + 3*h - 117 = -3*x, 2 = x. What is the tens digit of h?
3
Suppose 0 = -s + 4*o + 96, 5*o - 545 = -5*s + 35. What is the units digit of s?
2
Let i = 34 - 23. What is the tens digit of i?
1
Let r(s) = s**3 + 5*s**2 - s - 5. What is the units digit of r(3)?
4
Let z(l) = l**2 + 2*l - 7. Let h be (-108)/8*8/(-6). Suppose -3*x - h = -3. What is the units digit of z(x)?
8
Suppose 52 = f + h + h, -2*h = 4*f - 208. What is the units digit of f?
2
Let p(g) = g**3 + 8*g**2 - 6*g + 16. What is the units digit of p(-8)?
4
Suppose 7*d = 2136 + 615. What is the hundreds digit of d?
3
Let j be (-1 - -2)*(-4 - -1). Let f = -7 - j. What is the units digit of 0 + (f/2 - -5)?
3
Suppose -b = r - 42, -3*r - 4*b + 6*b + 116 = 0. Suppose -4*w = -2*w - r. What is the tens digit of w?
2
Suppose -3*a = -4*k + 451, -5*k = -4*k - 4*a - 103. What is the tens digit of k?
1
Let s = 54 + -33. What is the tens digit of s?
2
Suppose 5*m = 2*j - 20, -1 + 5 = -j - m. Suppose x + j*x - 1 = 0. What is the units digit of x?
1
Let t(r) = r**2 - 5*r + 1. Let m = 34 + -48. Let h = -9 - m. What is the units digit of t(h)?
1
Let g(z) = 11*z - 7. Let t be g(7). Suppose -5*w + t = 5*c, 2*w - 44 = -5*c + 38. What is the tens digit of c?
1
Let x be (-2)/(-9) - (-604)/36. Let z = -12 + x. What is the units digit of z?
5
Suppose -4 = 5*s + 46. Let r = s + 17. What is the units digit of r?
7
Let d be (-4)/(-10) - 16/(-10). Suppose 0*m + c = -m + 23, 0 = -d*m + 5*c + 53. What is the tens digit of m?
2
What is the tens digit of (-10 + 4)/(-3) - -40?
4
Let m be (0 - 0)/(2 - 3). Let q = 3 + m. Suppose a + 7 = v - 0*v, 5*v - q*a - 27 = 0. What is the units digit of v?
3
Let m(o) = o + o + 2 - o. Let w be (-9)/(0 + -3) + -1. What is the units digit of m(w)?
4
Let b(x) = x**2 + 33. What is the tens digit of b(0)?
3
Let z(l) = l**2 - l - 1. Let p be z(2). Let v(b) = 3 + 2*b - 3*b + p. What is the units digit of v(-5)?
9
Let m = 0 - 0. Let b be m*(-2 - (-3 - -2)). What is the units digit of (-1*2 - b) + 5?
3
Suppose 8 = -u - 6. Suppose -30 = -b - 4*b. Let v = b - u. What is the tens digit of v?
2
Suppose 4*t - 21 = -5*q, 3*t + 2 = t. Suppose -3*k = -q*x - 8 - 13, 0 = 3*k + 2*x. Suppose -3 = -k*i + 1. What is the units digit of i?
2
Let i(f) = -13*f**3 - 2*f - 5. What is the tens digit of i(-2)?
0
Let f = 21 - -45. What is the units digit of f?
6
Suppose -6*c = -c + 2*u - 278, -4*c - 4*u + 220 = 0. Suppose -s + z - c = -5*s, s - 5*z = -7. What is the units digit of s?
3
Let u(m) = m**2 - 12*m - 8. Let f be u(13). Suppose f*o + 2*d = -0*d + 15, -2*d = 0. What is the units digit of o?
3
Suppose -j = 2*j - 51. Let w = j + -8. Suppose w = -2*m + 5*m. What is the units digit of m?
3
Suppose 0*m = 5*m - 230. What is the tens digit of m?
4
Let g = 201 - 143. What is the units digit of g?
8
Suppose 0 = -r + 4, 7 = 3*y + r - 3*r. Suppose 0 = y*u - 25, 92 = 4*o + 3*u + u. What is the units digit of o?
8
Let w = 50 + -28. What is the units digit of w?
2
Suppose 4*d - 5*d = -13. What is the units digit of d?
3
What is the hundreds digit of 313 + -9 + (8 - 3)?
3
Suppose -2*i = -i - 3. Suppose 2*g + 8 = 0, u - i*g = 8 + 10. What is the units digit of u?
6
Suppose b - 159 - 89 = 0. What is the tens digit of b?
4
Suppose 2*o - 588 = -2*w + 5*o, -889 = -3*w + o. What is the tens digit of w?
9
Let p(x) = -6*x - 3*x**2 - 1 + 2*x**2 + 0. Let d be p(-6). Let o = d + 12. What is the tens digit of o?
1
Let o(i) = -6 + 3 + 0 + i**2. Suppose 15 = a + 4*a. What is the units digit of o(a)?
6
Let o(b) = 6*b**3 - 12*b**2 - b - 1. Let j(y) = 7*y**3 - 13*y**2. Let l(m) = -5*j(m) + 6*o(m). Let z be (2 - -2)/(2/4). What is the units digit of l(z)?
0
Let r(m) = -m**3 + 5*m**2 + 7*m - 4. Let y be r(6). Let v be (-1)/(-3)*21/1. Suppose y = -c + v. What is the units digit of c?
5
Let s(i) = 16*i - 9. What is the tens digit of s(7)?
0
Suppose 0 = -2*w + w + 24. Suppose 3*z + 0 = w. Suppose 0 = 4*o - 2*d + 6*d - 16, -z = 4*d. What is the units digit of o?
6
Let y = -3 - -7. Let w = 12 - y. What is the units digit of w?
8
Let d(v) = -v**3 + 3. Let l be d(0). Suppose 65 = l*f + 3*z + 2, 0 = -f - 2*z + 21. What is the units digit of f?
1
Let q = 3 - 0. Let i = q + -2. What is the units digit of i?
1
Let y = -5 - -8. Suppose -3*o - i - y*i - 14 = 0, 0 = 4*o - i + 44. What is the units digit of 24/(-20)*o/4?
3
Let s = 226 + 10. What is the hundreds digit of s?
2
Suppose -285 = -18*v + 15*v. What is the units digit of v?
5
Let d(c) = -c**2 - 8*c. Let r be d(-8). Suppose -3*h - 14 + 5 = r. What is the units digit of 2/(-3) - 17/h?
5
Suppose 7*q - 4*q + 5*t = 94, t = 2. What is the tens digit of q?
2
Let p = -281 + 524. What is the hundreds digit of p?
2
Suppose 0 = 4*a - 3*t - 20, 5*t = -4*a + t - 8. Let h = a + 1. What is the units digit of h?
3
Suppose k = -k + 22. What is the tens digit of k?
1
Let k = -35 + 64. What is the units digit of k?
9
Suppose 0 = 2*q - 3*q + 6. Let u = -19 - -21. Suppose 0 = q*m - u*m + 3*i - 8, -4*i = 5*m - 10. What is the units digit of m?
2
Let k be (-90)/20*(-2)/3. Suppose -m - 104 = -2*l - k*m, 4*l - 211 = -5*m. What is the tens digit of l?
4
Let r(w) = w**3 - w**2 + 5. Let v be r(0). Suppose 4*l - q + 9 = 0, 2*q + 4 = l + 15. Let m = v - l. What is the units digit of m?
6
Suppose 12*v - 90 - 18 = 0. What is the units digit of v?
9
What is the tens digit of -1 - (-154)/(-1 + 3)?
7
Let l be 12/10*5/(-2). Let y = 4 - l. What is the units digit of y?
7
Let b be 360/3*(-6)/(-8). Suppose b = 2*f + 3*f. What is the units digit of f?
8
Let d(n) = 44*n + 7. What is the tens digit of d(2)?
9
Let j(s) = s**2 - 7*s - 4. Let v be j(6). Let r(a) = a**3 + 9*a**2 - 12*a - 3. What is the units digit of r(v)?
7
Suppose -3*z = 2*z - 5. Suppose -2 + z = v. Let g = v - -3. What is the units digit of g?
2
Let m be (2 - 0) + 6/(-2). Let z = -3 - m. What is the units dig